+ 7. Calculate p(k).
1
Let u(n) be the first derivative of -20*n**2 - 10*n - 2658. Determine u(2).
-90
Let w(h) = 23*h - 103. Let b(k) = -23*k + 84. Let o(q) = 5*b(q) + 4*w(q). Determine o(-3).
77
Let m(u) = -u**3 - 16*u**2 + u + 22. Suppose 84*j - 34*j = -800. Give m(j).
6
Suppose 7*h + 175 = -5*l, -2*l + 304 - 290 = 0. Let v(t) = t**2 + 33*t + 96. Determine v(h).
6
Let j(i) = -i**3 + 8*i**2 - 8*i + 3. Let u(w) = w**3 + 16*w**2 + 15*w. Let t be u(-15). Suppose t = 18*k - 23*k - 2*b + 25, 0 = k - b - 5. What is j(k)?
38
Let y(q) = q**2 - 20*q - 237. Let f be y(-8). Let i(o) be the first derivative of o**3/3 + 7*o**2 + 13*o + 39. Calculate i(f).
0
Let y(w) = 3*w + 22. Suppose -3*b + 2*g - 5 = 32, -3*b = 2*g + 29. Let a be y(b). Let o = 16 + a. Let i(p) = -p + 6. Calculate i(o).
1
Let l(g) = 5*g + 15. Suppose -11*m = -24*m + 117. Let i(y) = -22*y - 63. Let s(c) = m*l(c) + 2*i(c). Determine s(-5).
4
Suppose -2*v = -4*f + 2, -f - 7 = -5*f - 3*v. Let m(d) = d**3 - d**2 - 4*d + 2. Let c be m(3). Let j(w) = -w - 1 - 6*w**3 + w**2 - 6 + c. What is j(f)?
-5
Let u(h) = -2*h + 0 + 16*h + 2. Suppose -312*z + x - 1 = -319*z, 82 = 2*z - 6*x. Determine u(z).
30
Let k(p) = -p**2 - p + 3. Let o(n) be the second derivative of -n**5/20 - n**4/2 + n**3 + 3*n**2 + 5*n - 3. Let a(q) = 3*k(q) - o(q). Determine a(-5).
-2
Let o(a) = -3*a - 32. Let c(r) = -r**3 + 40*r**2 + 5*r - 210. Let j be c(40). Give o(j).
-2
Let y(k) = -2*k - 2. Let s(m) = 2*m + 1. Let t(l) = -3*s(l) - 2*y(l). Suppose -65 = 84*z - 71*z. What is t(z)?
11
Let j(q) = 5*q - 44. Let w(p) = 20*p - 179. Let f(n) = 9*j(n) - 2*w(n). Let b(c) = -3*c + 38. Let i(x) = 5*b(x) + 4*f(x). What is i(-9)?
-7
Let t(g) = 6*g - 57*g - 2*g**2 + 162 + 153 + 0*g - 282. What is t(-26)?
7
Let u(j) be the third derivative of j**5/120 + 7*j**4/24 - 35*j**3/6 - 50*j**2. Let w(m) be the first derivative of u(m). Determine w(-5).
2
Let t(z) = -z**2 + 8. Let c be ((-15)/(-10))/(1/6*3). Suppose 0 = -5*b + c - 38. Determine t(b).
-41
Let y be (-2)/(-16) + -21281*(-2)/(-16). Let k be y/300 + (-6)/45. Let a(h) = 2*h + 3. Calculate a(k).
-15
Let y(f) be the third derivative of 3*f**4/4 - 275*f**3/6 + 4400*f**2. What is y(15)?
-5
Let d(x) be the first derivative of x**7/840 - x**6/72 + x**5/60 + 5*x**4/24 - 13*x**3/3 - x**2 - 79. Let a(u) be the third derivative of d(u). Determine a(5).
15
Suppose -44 = -2*m + 292. Let v(l) = l + 80 + 71 - m. Give v(9).
-8
Suppose 5*a - 98 = 154*x - 156*x, 0 = -2*a + 3*x + 62. Let g(d) = -d**3 + 21*d**2 + 21*d + 30. Determine g(a).
8
Let j(q) = -q**3 + 5*q + 6. Let w be 2*(405/18)/(-15). Let d(u) = 2*u**3 - 11*u - 9. Let y(g) = w*d(g) - 5*j(g). Calculate y(3).
-6
Let p(a) be the third derivative of -6*a**2 + 2 + 0*a - 1/12*a**4 - 4/3*a**3. Calculate p(-5).
2
Let g(i) be the second derivative of -i**6/720 - 11*i**5/120 - 9*i**4/2 - 2*i - 27. Let c(d) be the third derivative of g(d). What is c(-11)?
0
Let s(b) be the first derivative of -2*b + 1/3*b**3 + b**2 + 130 - 1/2*b**4. Let t = 8 - 6. Give s(t).
-10
Let o(z) = 1507*z + 7*z**2 + 1 + 1511*z - 3018*z. Suppose y - 5*m + 9 = -3*y, m - 4 = 3*y. What is o(y)?
8
Let k(z) be the first derivative of -17*z**2/2 - 282*z + 8864. Calculate k(-16).
-10
Let m = -89 + 109. Let g be m/(-25)*-5 + 26. Suppose -2*s - g = -3*r - 12, 3*r + 3*s - 3 = 0. Let v(d) = d**3 - 3*d**2 + 4*d - 5. Determine v(r).
27
Suppose 66*u + 345 = -107*u - 520. Let m(w) = w + 1. Let z be (3 + -2)/(1/1). Let a(s) = -s - 2. Let x(d) = z*a(d) + 3*m(d). Give x(u).
-9
Let n = 0 + 3. Suppose -5*c - 3*m + 1 = -m, -n*c = -m - 5. Let t(u) = -4*u + 1. Let z(i) = -i. Let v(o) = -t(o) + z(o). What is v(c)?
2
Let q(d) = -d**3 + 5*d**2 + 6. Let h be q(5). Let v(n) be the third derivative of n**5/60 - n**4/3 - n**3 - 7*n**2 - 971. What is v(h)?
-18
Let x = -143 - -67. Let m = x - -82. Let v(d) = -d**3 - 4*d - 10 + 20 + 7*d**2 - 9. Calculate v(m).
13
Let o(m) = -m**3 - 14*m**2 - 14*m - 4. Let u = -280 - 4. Let r = u + 271. What is o(r)?
9
Let b(d) be the first derivative of d**6/360 - d**5/20 + d**4/24 + 89*d**3/3 - 85. Let s(a) be the third derivative of b(a). Calculate s(4).
-7
Let s(x) be the first derivative of -x**4/4 - 8*x**3/3 - 3*x**2/2 + 15*x + 1819. Give s(-7).
-13
Let c(t) = -3*t**3 + t**2 - 4*t - 4. Let h = -5488 - -5487. Calculate c(h).
4
Let f(u) = -6*u + 315. Let b(h) = -5*h + 208. Let o(l) = -9*b(l) + 6*f(l). Determine o(10).
108
Let g(n) = -2*n**2 + 45*n - 22. Let x be g(21). Suppose -5*l = -4*f - 9, -5*f + 4 + x = 5*l. Let m(s) = s**2 - s - 3. Calculate m(f).
9
Suppose -12 = -5*p + p + 5*g, 4*g = 3*p - 9. Suppose -23 + 5 = -p*r. Let z(x) = -r*x**2 + 5*x**2 - 2 + 5 - 6*x. What is z(-6)?
3
Let o be (-4)/(-18) - 0 - 224/(-126). Suppose 3*j - 2*z = -13 - 2, -o*z = 2*j + 10. Let n(l) = 3*l + 10. Determine n(j).
-5
Let y(q) = -q**2 + 8*q - 1. Suppose 930 = 8*d - 2*d. Suppose 13*x + d - 259 = 0. Calculate y(x).
-1
Suppose 0 = -2*z - 1 + 33. Let f(p) = 2*p**2 + z*p + 19*p - 29*p. What is f(-4)?
8
Suppose -323 + 211 = -16*b. Let m(f) be the first derivative of -1/3*f**3 + 0*f - 9/2*f**2 - b. Give m(-7).
14
Let u be ((-2)/(-6))/(5/75). Suppose -52 = 4*r - 424. Let n(z) = -u - 9 - r*z + 91*z. Give n(-10).
6
Let i(m) = -10*m + 1. Let l be 9/1*28/(-21). Let n be ((54/l)/(-3))/(1/14). Let u = -20 + n. Determine i(u).
-9
Let y(k) = k**3 - 7 - 35 + 2 - 135*k - 8*k**2 + 119*k. Let w be y(10). Let l(c) = c + 11. Calculate l(w).
11
Let g(v) = -5*v - 165. Let f(p) = -10*p - 278. Let q(n) = -3*f(n) + 5*g(n). Determine q(0).
9
Let f(t) = -36*t + 244488 + 35*t**2 + 2*t**3 - 3*t**2 - 244519. Determine f(-17).
3
Let p(t) be the third derivative of t**6/120 + t**5/12 - 5*t**4/24 + t**3/3 - 238*t**2 + 2*t. Calculate p(-6).
-4
Suppose -60 = 7*l - 10*l + 5*d, 0 = -l + d + 22. Suppose 0 = 4*i + 20, 3*n = 7*n - 5*i - l. Let b(m) = m**2 + m + 30. Determine b(n).
30
Let v(x) = -73034 - x**2 + 0*x**2 + 73050 + 20*x. Calculate v(22).
-28
Let l(n) be the first derivative of n**6/120 - 7*n**5/60 + n**4/4 - 5*n**3/6 - n**2 - 59*n + 72. Let c(p) be the second derivative of l(p). Give c(5).
-25
Suppose 2*p = -8, -2*i + 2*p - 5 = -1. Let z(t) = 7*t**2 - 199*t + 17. Let f(j) = 11*j**2 - 320*j + 26. Let o(d) = 5*f(d) - 8*z(d). Determine o(i).
6
Let a(q) be the second derivative of q**3/3 + q**2 + 1934*q. Calculate a(-6).
-10
Let l = 37 + -19. Let a be (l/30)/((-1)/(-5)). Let x(f) = 5*f**3 - 6*f**2 - 7*f**3 + 30*f - 2 + 0*f**2 + 3*f**3 - 26*f. Determine x(a).
-17
Let v(u) = 5*u**3 + 3*u**2 + 7*u - 1. Let j(g) = -g**2 - g. Let h(f) = 5*j(f) + v(f). Let x = 642 - 644. Let p be -2 - x - -2*(-2)/(-4). Calculate h(p).
4
Let k = -666 + 667. Suppose 2*y + 2*v - 18 = 0, 4*v = -y + k + 17. Let a(q) = -q**2 + 7*q + 2. What is a(y)?
8
Let g(l) = -l + 6. Let c(j) = -2*j + 86. Let a be c(8). Let p be ((-10)/(-4))/(a/140). Determine g(p).
1
Let h(p) = p**2 - p - 8. Let r be (-1 + 10)*2/6. Let q(t) = -12 - 9*t - r*t + 21*t - 10*t. Let x be q(-12). Determine h(x).
-8
Let t(g) = 19*g**2 + 21 + 11*g**2 + 5*g**2 + 27*g - 46*g**2 + 10*g**2. Determine t(28).
-7
Let j(l) = l**3 + 730*l + 741*l - 1447*l + 1 + 4 + 10*l**2 + 2. Give j(-6).
7
Let j be (-2)/(-2)*(7 + -15). Suppose -3*y + 21 = -0*y. Let m be (j/y)/(20/(-140)). Let a(n) = -n + 3. Determine a(m).
-5
Let r(o) be the second derivative of -o**3/6 + 9*o**2/2 + 5*o. Suppose 48 = 860*l - 854*l. Calculate r(l).
1
Let g(c) = -c**3 + c**2 - c - 5. Let u = 711 - 706. Suppose 2*b = 5*v + 2, -u*v - b - b = -2. What is g(v)?
-5
Let f(g) = 2*g**2 + 18*g - 449. Let l(r) = -r**2 - 12*r + 299. Let v(t) = 5*f(t) + 7*l(t). Let p(d) be the first derivative of v(d). Give p(-6).
-30
Let w(n) = -7482912*n - 7482917*n - 13 + 14965817*n - 1 - n**2. Let v(d) = -12*d**2 + 1. Let u be v(-1). Calculate w(u).
-3
Let n(x) = -26*x - 97 + 124 + 17*x + 3*x. Determine n(6).
-9
Let l(i) be the first derivative of i**5/60 - 3*i**4/8 + i**3 + 101*i**2/2 - 100. Let p(j) be the second derivative of l(j). Give p(8).
-2
Suppose 4*u = 3*k - 51, -5*k + k - 16 = 4*u. Let r(i) = 5 - 2 + 1 + i - 2. Determine r(u).
-7
Let c(h) be the third derivative of 5*h**4/12 - 83*h**3/6 - 3*h**2 + 3*h - 33. Give c(8).
-3
Suppose 48*a = -47*a - 285. Let x(i) = i. Let n(f) = -f**3 - 4*f**2 + 3*f + 3. Let t(r) = -n(r) + 4*x(r). Calculate t(a).
3
Let 